-6453 = -6*q - 2151. Let h = q + -102. List the prime factors of h.
3, 5, 41
Suppose 6*q = 7 - 13. What are the prime factors of 24/4 + q - -927?
2, 233
Suppose 5*a = 0, -3*b - 2*a = -0*a - 333. Let y = 79 - b. List the prime factors of 1*27 - y/8.
31
Let t = 18571 + 18923. What are the prime factors of t?
2, 3, 2083
Let b be 2*(1/6)/((-4)/(-36)). Suppose l + 1 = b. Suppose 0 = -3*c + 2*c + n + 127, -n + 251 = l*c. What are the prime factors of c?
2, 3, 7
Let v(b) = 101*b**2 - 31*b + 238. List the prime factors of v(8).
2, 7, 461
Let h be (-242)/4 + (-1)/(-2). Let o be 375/(-10)*(-176)/33. Let p = o + h. What are the prime factors of p?
2, 5, 7
Let v = 222154 + -158499. What are the prime factors of v?
5, 29, 439
Let t(x) = 7*x**2 + 15*x - 19. Let h(w) = 8*w**2 + 16*w - 20. Let a(f) = 6*h(f) - 7*t(f). Let r be a(-8). Let s = 119 - r. What are the prime factors of s?
2, 7
Let m(x) be the third derivative of x**6/120 + x**5/6 + x**4/24 + 11*x**3/6 - x**2. Let y be 57/38 + 420/(-40). List the prime factors of m(y).
83
Let w(s) = 899*s + 764. What are the prime factors of w(4)?
2, 5, 109
Let w = 1 + 2. Suppose -7*k = -w*k - 60. Suppose -k*o + 10*o = -410. List the prime factors of o.
2, 41
Let h be (1 - 7) + (-12)/(-3) + -1012. Let s = -660 - h. List the prime factors of s.
2, 3, 59
Let q(j) = 29*j + 217. Let h be q(-7). Suppose 4*t = 3*d + 7301, 18*t + d - 7321 = h*t. What are the prime factors of t?
31, 59
Let s = 7 - -70. Suppose 0 = 6*p - 687 + 987. Let y = s - p. What are the prime factors of y?
127
Suppose -5 = -2*c - u - 3, 4*u = 4*c - 16. Suppose -c*n + 6*n = 12. Suppose y + 824 = 5*y - 2*g, n*y - 4*g = 628. What are the prime factors of y?
2, 3, 17
Let t = -42955 - -88976. What are the prime factors of t?
46021
Let y(p) = 637*p + 3383. List the prime factors of y(47).
2, 16661
Suppose 8*f + 8 = 80. Suppose 51 + 39 = f*l. Suppose -6*a - 360 = -l*a. List the prime factors of a.
2, 3, 5
Let d = 17395 - 7856. List the prime factors of d.
9539
Let z(k) = 4*k - 8. Let w be z(3). Suppose -7*b = -w*b - 213. List the prime factors of b.
71
List the prime factors of -10 - -6 - (2 + -8118).
2, 3, 13
Suppose 2*l = -3*c, 0*c + l - 9 = 3*c. Let h(b) = 18*b**3 - 4*b**2 + 2*b + 4. Let p be h(c). Let o = 299 + p. What are the prime factors of o?
139
Suppose 30576 = 5*b - 3*j, -b - 2*j = -172 - 5951. List the prime factors of b.
3, 2039
Suppose -2 - 23 = -f. Let a(x) = 2*x - 10 + 31*x - f*x**2 - x**3 - 12*x. What are the prime factors of a(-26)?
2, 3, 5
Let p(d) be the third derivative of 7*d**4/8 + 17*d**3/3 + 27*d**2. List the prime factors of p(21).
5, 19
Let k be (-20)/25 - (-16)/20. Let v(y) = -5*y**2 + 257. What are the prime factors of v(k)?
257
Suppose -4*s = -2*k - 0*k + 1392, 5*k - 2*s = 3456. Let w be (k/(-23))/(3/(-38)). Let j = -173 + w. What are the prime factors of j?
3, 23
List the prime factors of ((-3)/4)/((-795223)/72292 - -11).
3, 31, 53
Let o = -1179 + 3644. List the prime factors of o.
5, 17, 29
Let b(u) = 617*u + 660. List the prime factors of b(18).
2, 3, 37, 53
Suppose 5*t = -5*i + 5, 3*t - 6*i + 2*i = 17. Suppose -2*c - j + 116 = 0, 336 = 5*c + t*j + 46. Suppose -f + c = 6. List the prime factors of f.
2, 13
Suppose 2*l + 9 = 4*c + 1, -3*c - 2*l = 8. Suppose c = -11*o + 16*o - 1845. What are the prime factors of o?
3, 41
Let f(a) = 3296*a**2 - a - 60. List the prime factors of f(3).
3, 11, 13, 23
Let v be ((-3)/(18/(-28)))/((-26)/13143). What are the prime factors of (1/(-1) + v)/(-2)?
2, 5, 59
Suppose -874194 - 815334 = -123*z. What are the prime factors of z?
2, 17, 101
Suppose -57*p - 2691384 = -232*p - 79*p. What are the prime factors of p?
2, 3, 883
Let x = 3450 + -2659. List the prime factors of x.
7, 113
Let d = -3318 + 4561. List the prime factors of d.
11, 113
Suppose 0 = n + 2*a + 3, 2*n - 6 = 2*a + 12. Suppose 3*j + n*c = 2182, -20*c = -5*j - 17*c + 3648. List the prime factors of j.
3
Let l(h) = -5*h + 5345. List the prime factors of l(0).
5, 1069
Let n(d) be the second derivative of -83/6*d**3 - 9*d + 0 - d**2. List the prime factors of n(-1).
3
Suppose 0 = -40*o + 36*o + 1284. Suppose 4*p + 337 = d + p, d - o = -5*p. What are the prime factors of d?
331
Suppose 4*k + 786 + 174 = 0. Let i = 897 + k. What are the prime factors of i?
3, 73
Let f(b) = -9*b**3 + b**2 + 8*b - 2. Let z be (-33)/11*(0 - -1). List the prime factors of f(z).
2, 113
Suppose q + 3*o = 190, 0*q + 4*o - 188 = -q. Suppose 0 = y + 2*p - q, 0 = 10*p - 5*p + 15. What are the prime factors of y?
2, 101
Let m(f) be the third derivative of -f**6/120 + 3*f**5/10 - 5*f**4/8 - 4*f**3 + 9*f**2. Let w be m(17). List the prime factors of -9*w*(-14 + 13).
2, 3, 5
Let l be (-2)/6 - (-24920)/24. Suppose -l + 3442 = 5*q + 3*o, 0 = -o + 3. What are the prime factors of q?
479
Let u = -11808 + 20700. What are the prime factors of u?
2, 3, 13, 19
Let x(k) = 139*k**2 - 215*k - 100. What are the prime factors of x(24)?
2, 18701
Suppose -o + 2785 = -2*g, g - 1239 + 12379 = 4*o. List the prime factors of o.
5, 557
Suppose 2*l - h - 32600 = 0, 0 = 3*l - 6*l + 2*h + 48902. What are the prime factors of l?
2, 29, 281
Let s(n) = -3*n + 28. Let t be s(-22). Let x = 138 - 225. Let u = x + t. What are the prime factors of u?
7
Suppose -2*s - 154784 = -16*s. List the prime factors of s.
2, 691
Suppose 0*a - 2*a - 16 = 0. Let f be 4/(9/((-36)/a)). Suppose 0 = 6*q - f*q - 736. List the prime factors of q.
2, 23
Let f = 16710 - 7196. List the prime factors of f.
2, 67, 71
Let q(h) = 5*h + 71. Let x be q(-9). What are the prime factors of 195 - x - (0 + 1)?
2, 3, 7
Suppose 3262 = m + 5*j, 3*m = -0*m + 4*j + 9691. What are the prime factors of m?
3, 13, 83
Suppose 3*j + 2*t = 1402 + 15680, -28470 = -5*j + 4*t. List the prime factors of j.
2, 3, 13, 73
Let t(v) = 26*v**3 + 5*v - 14. List the prime factors of t(2).
2, 3, 17
Suppose -17*z + 10*z + 994 = 0. Let t = 631 - z. What are the prime factors of t?
3, 163
Let q(l) = 55*l**3 + 10*l**2 + 20*l - 6. List the prime factors of q(6).
2, 3, 29, 71
Suppose 0 = -3*v + 5*t - 39, -48 = 4*v + 5*t + 39. What are the prime factors of 4 + (6 - (-7374)/v*-3)?
3, 7, 59
Suppose -4*p - 408 - 512 = -2*x, 2*p + 1870 = 4*x. Suppose -13*j + 12*j = -x. What are the prime factors of j?
2, 5, 47
Let f(z) = -65*z + 3. Let j be f(2). Let d be j/(-3) + 1/(-3). Suppose -g + 66 + d = 0. List the prime factors of g.
2, 3
Let l(s) = 16*s**2 - 12*s + 16. List the prime factors of l(-6).
2, 83
Let k(d) = -2*d**3 - 46*d**2 + 18*d + 65. List the prime factors of k(-28).
3, 2467
Suppose 0 = 5*n + 13 - 8. Let c be (n/1)/(-1) - -67. Suppose 4*b - 34 = -a, -a = a + b - c. What are the prime factors of a?
2, 17
Let g(d) = -17*d**2 - 955*d - 59. What are the prime factors of g(-18)?
59, 197
Suppose 48*m - 25 = 53*m, -40 = 2*k + 4*m. List the prime factors of 999 - (3 + k/(-5)).
2, 7, 71
What are the prime factors of (-9)/18*(-16468 + -16)?
2, 13, 317
Suppose -91*m = -37*m - 308286. List the prime factors of m.
3, 11, 173
Let n = -191 + 202. Let h(d) = 20*d + 230. List the prime factors of h(n).
2, 3, 5
Let z be -2*((-3540)/(-8))/(-15). Suppose -16*h + z*h = 70348. What are the prime factors of h?
2, 409
Suppose 0 = 5*x - 5*v - 125635, 4*x - v - 14372 - 86145 = 0. List the prime factors of x.
2, 5, 7, 359
Let w(b) = -7*b + 12. Let i be w(11). What are the prime factors of (-10)/i + 10446/39?
2, 67
List the prime factors of (4/(-6) - 1986773/(-228)) + 3/4.
2, 4357
Let a be 15228/28 + (-2)/(-14). Suppose 5*o = 4*k - a - 135, -k - 3*o + 157 = 0. List the prime factors of k.
2, 83
Let q(u) = -u**2 + 2 - u**2 - u**3 - 1 + 2*u + 1. Let i(p) = p**2 - p - 3. Let l be i(0). List the prime factors of q(l).
5
Let l(a) = 2*a**2 - 37*a + 20. Let j be l(18). List the prime factors of (14*(-87)/15)/(j/(-10)).
2, 7, 29
Suppose 2*c - 5*c = -15, 3*b = c + 1. Let d be b*12/(-8) - -3. Suppose 2*v + 91 = p + 3*v, d = p - 5*v - 121. What are the prime factors of p?
2, 3
Suppose 4*u + 4*j = 52184, -76*u = -78*u + 4*j + 26074. What are the prime factors of u?
13043
Let i(f) = 7*f**3 - 4*f**2 + 16. Let t be i(3). Let h = t - 57. What are the prime factors of h?
2, 7
Let j(w) = -871*w + 4363. What are the prime factors of j(-7)?
2, 5, 523
Suppose -t - 105579 = 4*d + 525730, t = -5. What are the